{"id":95,"date":"2026-04-23T22:15:56","date_gmt":"2026-04-23T22:15:56","guid":{"rendered":"https:\/\/amazinggraceschoolgt.com\/pagina\/?page_id=95"},"modified":"2026-04-27T22:25:11","modified_gmt":"2026-04-27T22:25:11","slug":"somos","status":"publish","type":"page","link":"https:\/\/amazinggraceschoolgt.com\/pagina\/somos\/","title":{"rendered":"somos"},"content":{"rendered":"\n\n\n\n\n\n\n\nAmazing Grace School ha sido creado con el objeto de capacitar al alumno\npara desenvolverse eficazmente. \u00a1Prepar\u00e1ndolos integralmente! f\u00edsica y\nespiritualmente con un alto nivel acad\u00e9mico en las diferentes disciplinas,\ntanto en el idioma Ingl\u00e9s como en el espa\u00f1ol.\nEstamos conscientes de las necesidades que existen en nuestro pa\u00eds, por tal\nraz\u00f3n desde hace 32 a\u00f1os brindamos a la ni\u00f1ez, a nuestros adolescentes y\nj\u00f3venes la oportunidad de triunfar alcanzando sus sue\u00f1os.\nPara lograr esto el colegio utiliza m\u00e9todos eficaces para el desarrollo\nintelectual y emocional de cada uno de ellos. Respetando la personalidad y\nestimul\u00e1ndolos con cari\u00f1o.\n\n\n","protected":false},"excerpt":{"rendered":"","protected":false},"author":1,"featured_media":0,"parent":0,"menu_order":0,"comment_status":"closed","ping_status":"closed","template":"","meta":{"pagelayer_contact_templates":[],"_pagelayer_content":"","footnotes":""},"class_list":["post-95","page","type-page","status-publish","hentry"],"_links":{"self":[{"href":"https:\/\/amazinggraceschoolgt.com\/pagina\/wp-json\/wp\/v2\/pages\/95","targetHints":{"allow":["GET"]}}],"collection":[{"href":"https:\/\/amazinggraceschoolgt.com\/pagina\/wp-json\/wp\/v2\/pages"}],"about":[{"href":"https:\/\/amazinggraceschoolgt.com\/pagina\/wp-json\/wp\/v2\/types\/page"}],"author":[{"embeddable":true,"href":"https:\/\/amazinggraceschoolgt.com\/pagina\/wp-json\/wp\/v2\/users\/1"}],"replies":[{"embeddable":true,"href":"https:\/\/amazinggraceschoolgt.com\/pagina\/wp-json\/wp\/v2\/comments?post=95"}],"version-history":[{"count":6,"href":"https:\/\/amazinggraceschoolgt.com\/pagina\/wp-json\/wp\/v2\/pages\/95\/revisions"}],"predecessor-version":[{"id":128,"href":"https:\/\/amazinggraceschoolgt.com\/pagina\/wp-json\/wp\/v2\/pages\/95\/revisions\/128"}],"wp:attachment":[{"href":"https:\/\/amazinggraceschoolgt.com\/pagina\/wp-json\/wp\/v2\/media?parent=95"}],"curies":[{"name":"wp","href":"https:\/\/api.w.org\/{rel}","templated":true}]}}